s + 10*b - 9 = 5*b. Suppose -s = -5*w + 26. What are the prime factors of w?
2, 3
Let a(u) = -2*u + 0 + u**3 - 2 + 0*u - 1 - 3*u**2. Let o be a(4). Suppose -y + o = -0*y. What are the prime factors of y?
5
Suppose f - 2*f - 3 = 0. What are the prime factors of f/2*(-3 - 3)?
3
Suppose 0*j + 2*j = 180. What are the prime factors of j?
2, 3, 5
Let d(k) = -k**3 + 5*k**2 + 4. Let c be d(5). Suppose 0 = 2*x + c + 4. Let g(p) = -3*p - 1. List the prime factors of g(x).
11
What are the prime factors of 34/(-3)*(-120)/16?
5, 17
Let h be 1/(-3) + (-1156)/(-12). Suppose 4*r + h = 8*r. List the prime factors of r.
2, 3
Let l(h) = -3*h**3 + 1. Let d be l(1). What are the prime factors of d/(-5) - (-96)/10?
2, 5
Let k(l) = -l**3 + 2*l**2 + 5*l + 2. What are the prime factors of k(-3)?
2
Let q = 18 + -20. List the prime factors of (3/q*14)/(-1).
3, 7
Let k = 14 + -10. List the prime factors of -1*k*114/(-24).
19
Let h = -31 - -46. List the prime factors of 3/(h/(-12) - -2).
2
Suppose -2*f - 3*p - 2 + 64 = 0, 0 = 3*p - 12. Let h = f + 1. What are the prime factors of h?
2, 13
Let p(s) = 5*s**3 - s + 1. Let k be p(1). Suppose 0*o + 2*t = -k*o + 155, -93 = -3*o - 5*t. What are the prime factors of o?
31
Let x = 23 - 13. Suppose -3*g + g + x = 0. Suppose -50 + 15 = -g*y. List the prime factors of y.
7
What are the prime factors of ((-28)/6)/(2/(-18))?
2, 3, 7
Let y(v) = -v**2 + 2*v**2 - 2*v + 10*v + 3. Let t = 18 - 27. List the prime factors of y(t).
2, 3
Let u(q) = -q**2 + 4*q. Let j be u(3). Suppose j + 4 = -t. List the prime factors of (-2)/t - (-150)/14.
11
Suppose -4*p + 38 = -3*v + 14, 3*v - 12 = -2*p. What are the prime factors of (-138)/(-9) - 2/p?
3, 5
Suppose 0 = b + 2*b. Suppose -t - 4 - 3 = b. Let o(p) = -p**3 - 8*p**2 - 7*p + 9. List the prime factors of o(t).
3
Let s(x) be the second derivative of -x**6/360 - x**5/30 + x**4/3 - 3*x. Let z(u) be the third derivative of s(u). What are the prime factors of z(-7)?
2, 5
Let v be 9 + 4*(-1)/2. Let b = 6 - -8. Let t = b - v. List the prime factors of t.
7
Let j = 0 - -1. Suppose -j = r - 4. Let p(k) = -k**3 + 5*k**2 - 5*k + 4. What are the prime factors of p(r)?
7
Let i(b) be the second derivative of b**5/20 - b**4/6 - 2*b**2 + 3*b. Let h be i(3). Let w = 9 - h. List the prime factors of w.
2
What are the prime factors of 8/(-14) + 1138/7?
2, 3
Let s = -8 - -4. Let d = -1 - s. What are the prime factors of d?
3
Let k(t) be the third derivative of t**6/120 - t**5/20 - t**4/24 - t**3/2 - t**2. Let f be k(3). List the prime factors of (0 - -15)*f/(-10).
3
Let g = -13 + 23. Let o = 4 + g. List the prime factors of o.
2, 7
Suppose -52 = 2*b - 276. What are the prime factors of b?
2, 7
Let v(m) = 23*m**2 + 3*m - 3. What are the prime factors of v(2)?
5, 19
Suppose -4*z + 680 = -k, -247 - 263 = -3*z + 3*k. Let q = z + -114. What are the prime factors of q?
2, 7
Suppose -u - 49 = -151. What are the prime factors of u?
2, 3, 17
Let z be (3/2)/(5/30). Let d = z - -11. What are the prime factors of d?
2, 5
Let f(s) = -2 + 3 + 4*s - 3. List the prime factors of f(4).
2, 7
Let d(c) = 5*c**2 - 4*c**2 - 1 - 5*c - 4. List the prime factors of d(-5).
3, 5
Let p(x) = x**2 + 6*x + 10. Let w(f) = -f**3 + 4*f**2 - 3*f + 5. Let y be w(4). List the prime factors of p(y).
17
Let b(f) = 3*f**2 - 14*f + 17. List the prime factors of b(4).
3
Let y = 3 - 1. Let c be (-3)/(-10)*y*5. Let o = 8 - c. List the prime factors of o.
5
Let y(n) = -3*n - 12. Let m(s) = 5*s + 18. Let j(f) = 5*m(f) + 7*y(f). Let g be j(7). What are the prime factors of 9/6 - g/(-4)?
2, 5
Let u(h) = -13*h + 3. List the prime factors of u(-9).
2, 3, 5
Suppose 4*m - 7*m + 9 = 0. Let j(a) = 2*a**2 + 3*a - 7. List the prime factors of j(m).
2, 5
Let i(q) = 25*q + 40. List the prime factors of i(9).
5, 53
Let c(u) = -u**2 + 7*u. Let v be c(5). Suppose 2*s + v = 4*f - 0, -5*f + 3*s = -12. Suppose 12 = z + 3*y, f*z + 5*y + 8 = 6*z. List the prime factors of z.
2, 3
Let t(v) be the first derivative of v**4/4 + v**3 - 3*v**2 - 5*v + 6. List the prime factors of t(-4).
3
Let j = -35 + 37. List the prime factors of j.
2
Let n(r) = 3 + r + 0 - r**3 + 3*r + 4*r**2. List the prime factors of n(4).
19
Suppose 5*b - 67 - 33 = 0. Let m = 30 - b. What are the prime factors of m?
2, 5
Let p(r) = 17*r - 26. List the prime factors of p(6).
2, 19
Suppose -2*f = f - 15, -3*s + f + 19 = 0. List the prime factors of s.
2
Let z be (0 - (3 + 1))*-22. Suppose -x = 3*x - 4*f - z, -4*x + 63 = f. What are the prime factors of x?
17
Suppose m - 70 = -5*f + 50, -3*f - 5*m + 72 = 0. What are the prime factors of f?
2, 3
Suppose 0 = -5*o - 5*t - 10, -5*o - t - 4 = -2. Suppose o = 3*z + 4 - 1. What are the prime factors of (-2 - -2) + 13 + z?
2, 3
Let q be (2 - 1)*3 + 3. Suppose -q*n + n + 65 = 0. What are the prime factors of n?
13
Let v = -2 + 6. Let q = 3 - v. Let a = q + 10. List the prime factors of a.
3
What are the prime factors of (3 - 3) + 0 - -49?
7
Suppose -4*l = -2*o + 102, -5*o + 3*l - 89 = -358. What are the prime factors of o?
5, 11
Suppose 6*l - 31 = 17. List the prime factors of l.
2
What are the prime factors of (-10)/(-10) + (-1 - -12)?
2, 3
Let o(d) = 2 + 6*d + 0 - 3. Let r be o(-2). Let h = -8 - r. List the prime factors of h.
5
Let f be (-32)/(-5) + (-3)/(-5). Let j(u) = -u**2 + 11*u - 10. What are the prime factors of j(f)?
2, 3
Suppose -3*z = z - 76. Let r = z + 1. List the prime factors of r.
2, 5
Suppose 0 = -4*f + 1 + 11. Suppose -16 = 4*l, -2*v + f*l = v - 48. List the prime factors of v.
2, 3
Let i(y) = -55*y - 2. What are the prime factors of i(-1)?
53
Let j = 58 - -36. What are the prime factors of j?
2, 47
Let x(c) = -2*c**3 - 2*c**2. Let u be x(-2). Suppose r + 2*r = 4*k - u, -2*k - 10 = -5*r. Suppose -3*l + k = -2*l. List the prime factors of l.
5
Suppose -2*s = x - 49, -5*x = s - 3*s - 209. What are the prime factors of x?
43
Let c = 3 - 3. Suppose 4*g - v + c*v + 27 = 0, -2*g + 2*v = 12. Let t = g - -11. List the prime factors of t.
2
Suppose -5*x + 4*x + 7 = 0. Let l be 26/x + (-4)/(-14). Suppose t - 9 = -l*z - 23, -z = -2*t + 8. What are the prime factors of t?
2
Suppose 76 = -6*x + 2*x. Let j = -11 - x. What are the prime factors of j?
2
List the prime factors of 12/36 - 1630/(-6).
2, 17
Suppose 3*h = w + 6, 4*w - h = -0*w + 9. Suppose 7 + 68 = w*n. What are the prime factors of n?
5
List the prime factors of 2 + -1 - (-122 + 5).
2, 59
Suppose 7*j = 2*j + 1025. What are the prime factors of j?
5, 41
Suppose -5*u - 53 = -4*d + 16, 60 = 4*d + 4*u. Let y = -9 + d. List the prime factors of y.
7
Suppose -2*f - 2*u - 3*u = -37, f = 5*u - 19. What are the prime factors of f?
2, 3
Suppose 4*k + 9 = 45. Suppose c - 3*c + 16 = -5*o, 3*o + k = c. List the prime factors of c.
3
Let h(r) = r**3 + 8*r**2 - 10*r - 13. What are the prime factors of h(-8)?
67
Let h(x) = -2*x + 82. Let n be h(0). Let q = -56 + n. List the prime factors of q.
2, 13
Suppose 4*x - 2*k = 82, -3*x + 0*k + 69 = -3*k. What are the prime factors of (1*-2)/((-3)/x)?
2, 3
Suppose 0 = -4*j - 0*j - 44. Suppose 2*k - 39 - 60 = 5*d, 2*d + 5*k = -57. Let q = j - d. List the prime factors of q.
2, 5
Let m = 52 - 25. List the prime factors of m.
3
Let r(v) = -3 + 0*v**2 + v**2 + 3*v + 0*v**2. Let q(f) = f**3 + 8*f**2 + 10*f + 15. Let g be q(-7). What are the prime factors of r(g)?
3, 5
Let p(m) = m**2 + 3*m - 4. Let z be p(-4). Suppose z*c + 17 = c. List the prime factors of c.
17
Let r = 55 + -50. List the prime factors of r.
5
Suppose -2*a + 15 + 1 = 0. List the prime factors of a/6*12/8.
2
Let v = 4 - 4. Suppose 0 = -v*t - t. Suppose -4*i + 13 + 31 = t. List the prime factors of i.
11
Suppose -343 = -8*p + 3*p + v, -6 = 2*v. What are the prime factors of p?
2, 17
Let m(k) = 2*k**3 + 2*k**2 - 3*k. List the prime factors of m(3).
3, 7
Suppose 0 = o + 2*h - 0*h - 19, -5*h + 115 = 5*o. What are the prime factors of o?
3
Let x be (-2)/(-4 - (-1 + -2)). Let r = 9 - x. List the prime factors of r.
7
Let k = 37 - 2. List the prime factors of k.
5, 7
Suppose 5*k - 2*n = -0*n + 236, 3*k - 152 = -4*n. What are the prime factors of k?
2, 3
Suppose 6 = -p - h, 2*p + 2*h + 8 = 4*p. Let o = p - -4. Suppose o*i + 10 = 5*v - 6, -i - v + 8 = 0. What are the prime factors of i?
3
Let b = 6 - -28. List the prime factors 